6
What is the thousands digit of 17935752?
5
What is the ten thousands digit of 33413?
3
What is the millions digit of 1945446?
1
What is the ten thousands digit of 195216?
9
What is the thousands digit of 310591?
0
What is the units digit of 1291428?
8
What is the ten thousands digit of 675055?
7
What is the hundred thousands digit of 391882?
3
What is the ten thousands digit of 966345?
6
What is the units digit of 3405596?
6
What is the hundred thousands digit of 412210?
4
What is the thousands digit of 700961?
0
What is the units digit of 2313374?
4
What is the thousands digit of 846566?
6
What is the tens digit of 377084?
8
What is the thousands digit of 684221?
4
What is the hundred thousands digit of 395596?
3
What is the thousands digit of 36822?
6
What is the hundreds digit of 1227112?
1
What is the hundreds digit of 3165928?
9
What is the units digit of 1405525?
5
What is the tens digit of 189690?
9
What is the hundred thousands digit of 462636?
4
What is the ten thousands digit of 258295?
5
What is the hundreds digit of 82528?
5
What is the thousands digit of 129989?
9
What is the hundred thousands digit of 6719283?
7
What is the hundreds digit of 7836577?
5
What is the hundreds digit of 8410054?
0
What is the ten thousands digit of 188293?
8
What is the units digit of 403644?
4
What is the tens digit of 781964?
6
What is the ten thousands digit of 999616?
9
What is the units digit of 118261?
1
What is the thousands digit of 2265424?
5
What is the hundred thousands digit of 152627?
1
What is the units digit of 3496937?
7
What is the tens digit of 2044769?
6
What is the ten thousands digit of 6151408?
5
What is the ten thousands digit of 24051183?
5
What is the ten thousands digit of 7159093?
5
What is the tens digit of 1510485?
8
What is the tens digit of 173353?
5
What is the units digit of 300859?
9
What is the tens digit of 775544?
4
What is the tens digit of 6958177?
7
What is the tens digit of 671514?
1
What is the thousands digit of 94998?
4
What is the hundreds digit of 101224?
2
What is the tens digit of 434912?
1
What is the tens digit of 1088416?
1
What is the tens digit of 2459608?
0
What is the hundreds digit of 198013?
0
What is the thousands digit of 4483110?
3
What is the hundreds digit of 891121?
1
What is the units digit of 2751615?
5
What is the tens digit of 2997327?
2
What is the thousands digit of 3253410?
3
What is the ten thousands digit of 48668?
4
What is the millions digit of 1252400?
1
What is the ten thousands digit of 22814281?
1
What is the hundreds digit of 320970?
9
What is the ten thousands digit of 1014189?
1
What is the thousands digit of 26954?
6
What is the hundred thousands digit of 345159?
3
What is the tens digit of 338061?
6
What is the hundreds digit of 5536057?
0
What is the millions digit of 9460222?
9
What is the tens digit of 17320826?
2
What is the hundreds digit of 34367340?
3
What is the units digit of 1442612?
2
What is the units digit of 800917?
7
What is the thousands digit of 1092183?
2
What is the ten thousands digit of 88319?
8
What is the tens digit of 2528899?
9
What is the ten thousands digit of 1264411?
6
What is the ten thousands digit of 512949?
1
What is the tens digit of 11983609?
0
What is the hundred thousands digit of 4185493?
1
What is the hundred thousands digit of 142993?
1
What is the hundreds digit of 1057462?
4
What is the tens digit of 6436910?
1
What is the ten thousands digit of 935490?
3
What is the hundred thousands digit of 902532?
9
What is the hundred thousands digit of 266911?
2
What is the ten thousands digit of 109341?
0
What is the thousands digit of 870154?
0
What is the thousands digit of 11400986?
0
What is the tens digit of 1229978?
7
What is the ten thousands digit of 1439714?
3
What is the millions digit of 5485478?
5
What is the ten thousands digit of 234408?
3
What is the units digit of 11194372?
2
What is the hundred thousands digit of 1396616?
3
What is the hundreds digit of 201118?
1
What is the hundred thousands digit of 1358607?
3
What is the hundreds digit of 474913?
9
What is the units digit of 7129633?
3
What is the tens digit of 3396?
9
What is the millions digit of 6104416?
6
What is the hundred thousands digit of 2215466?
2
What is the ten thousands digit of 444712?
4
What is the units digit of 8362899?
9
What is the hundreds digit of 3823455?
4
What is the ten thousands digit of 15188863?
8
What is the ten thousands digit of 384425?
8
What is the units digit of 910851?
1
What is the hundred thousands digit of 282375?
2
What is the millions digit of 1322819?
1
What is the thousands digit of 513624?
3
What is the hundred thousands digit of 175169?
1
What is the tens digit of 428324?
2
What is the hundred thousands digit of 317400?
3
What is the ten thousands digit of 3091230?
9
What is the hundred thousands digit of 1036730?
0
What is the units digit of 5903168?
8
What is the ten thousands digit of 3967979?
6
What is the hundreds digit of 381693?
6
What is the hundreds digit of 6720441?
4
What is the tens digit of 181866?
6
What is the hundreds digit of 152317?
3
What is the units digit of 15313628?
8
What is the hundred thousands digit of 1247080?
2
What is the units digit of 41702?
2
What is the tens digit of 1776205?
0
What is the ten thousands digit of 1079191?
7
What is the thousands digit of 183685?
3
What is the units digit of 161295?
5
What is the tens digit of 1014232?
3
What is the hundreds digit of 49760?
7
What is the ten thousands digit of 9931171?
3
What is the millions digit of 2613725?
2
What is the tens digit of 1127534?
3
What is the thousands digit of 728898?
8
What is the tens digit of 163618?
1
What is the thousands digit of 13121520?
1
What is the thousands digit of 3534939?
4
What is the units digit of 1359330?
0
What is the tens digit of 481018?
1
What is the ten thousands digit of 26713224?
1
What is the hundred thousands digit of 3838853?
8
What is the hundreds digit of 203110?
1
What is the hundreds digit of 2953176?
1
What is the tens digit of 238073?
7
What is the millions digit of 34047471?
4
What is the thousands digit of 2716543?
6
What is the thousands digit of 309408?
9
What is the tens digit of 156996?
9
What is the thousands digit of 5529872?
9
What is the ten thousands digit of 4031592?
3
What is the thousands digit of 8153520?
3
What is the thousands digit of 132286?
2
What is the thousands digit of 483081?
3
What is the thousands digit of 3520613?
0
What is the tens digit of 5735413?
1
What is the units digit of 88609?
9
What is the tens digit of 1773487?
8
What is the ten thousands digit of 707269?
0
What is the units digit of 1124906?
6
What is the millions digit of 7473418?
7
What is the thousands digit of 8099878?
9
What is the ten thousands digit of 275251?
7
What is the millions digit of 1355279?
1
What is the millions digit of 4794626?
4
What is the ten thousands digit of 15130994?
3
What is the hundred thousands digit of 4484005?
4
What is the thousands digit of 280274?
0
What is the tens digit of 6087770?
7
What is the thousands digit of 1264107?
4
What is the millions digit of 3675276?
3
What is the ten thousands digit of 1265312?
6
What is the millions digit of 4049290?
4
What is the tens digit of 20965150?
5
What is the thousands digit of 36873461?
3
What is the ten thousands digit of 1375565?
7
What is the millions digit of 5355157?
5
What is the thousands digit of 154075?
4
What is the tens digit of 218094?
9
What is the units digit of 533570?
0
What is the hundreds digit of 3950802?
8
What is the tens digit of 301492?
9
What is the thousands digit of 12568044?
8
What is the tens digit of 35805323?
2
What is the hundreds digit of 140790?
7
What is the units digit of 417388?
8
What is the hundred thousands digit of 182233?
1
What is the ten thousands digit of 3656892?
5
What is the hundred thousands digit of 2170545?
1
What is the millions digit of 16932075?
6
What is the thousands digit of 90207?
0
What is the hundreds digit of 34084?
0
What is the tens digit of 15535644?
4
What is the tens digit of 326852?
5
What is the ten thousands digit of 158534?
5
What is the tens digit of 8867986?
8
What is the tens digit of 949549?
4
What is the tens digit of 11947453?
5
What is the te